{"id":26265,"date":"2023-09-15T14:41:14","date_gmt":"2023-09-15T14:41:14","guid":{"rendered":"https:\/\/web.algorex.ca\/?page_id=26265"},"modified":"2024-05-09T13:09:29","modified_gmt":"2024-05-09T13:09:29","slug":"etude-de-cas-sechage-du-bois-au-four-algorex","status":"publish","type":"page","link":"https:\/\/web.algorex.ca\/index.php\/etude-de-cas-sechage-du-bois-au-four-algorex\/","title":{"rendered":"Use cases FR"},"content":{"rendered":"<div class=\"wpb-content-wrapper\"><p>[vc_row full_width=&#8221;stretch_row_content&#8221; equal_height=&#8221;yes&#8221; css=&#8221;.vc_custom_1693414630747{padding-bottom: 0px !important;}&#8221;][vc_column width=&#8221;2\/3&#8243; css_animation=&#8221;fadeIn&#8221;][vc_empty_space][vc_column_text css=&#8221;.vc_custom_1694789667512{padding-left: 40px !important;}&#8221;]<\/p>\n<h2><span style=\"color: #2a3a97;\">\u00c9tude de cas:<br \/>\n<span style=\"color: #999999;\">exemple d&#8217;anomalies d\u00e9tect\u00e9es<\/span><\/span><\/h2>\n<p>[\/vc_column_text][vc_empty_space][vc_separator][vc_empty_space][vc_column_text css=&#8221;.vc_custom_1700583186375{padding-left: 40px !important;}&#8221;]<\/p>\n<h3><span style=\"color: #333333;\">MAUVAIS FONCTIONNEMENT DES PLAQUES D\u2019HUMIDIT\u00c9\u00a0<\/span><\/h3>\n<p>[\/vc_column_text][vc_empty_space][vc_row_inner gap=&#8221;20&#8243; css=&#8221;.vc_custom_1693413920320{padding-left: 20px !important;}&#8221;][vc_column_inner width=&#8221;1\/3&#8243;][vc_icon icon_fontawesome=&#8221;fas fa-unlink&#8221;]<div class=\"clearboth\"><\/div><style>#thegem-divider-69d4ca3c90966 {margin-bottom: 10px !important;}<\/style><div id=\"thegem-divider-69d4ca3c90966\" class=\"gem-divider  \" style=\"\" ><\/div>[vc_column_text]<\/p>\n<h5><span style=\"color: #2a3a97;\">Anomalie<\/span><\/h5>\n<p>[\/vc_column_text]<div class=\"clearboth\"><\/div><style>#thegem-divider-69d4ca3c909c3 {margin-bottom: 17px !important;}<\/style><div id=\"thegem-divider-69d4ca3c909c3\" class=\"gem-divider  \" style=\"\" ><\/div>[vc_column_text]Les quatre plaques de teneur en humidit\u00e9 renvoient le m\u00eame pourcentage et\/ou une erreur de communication s\u2019est produite.[\/vc_column_text][\/vc_column_inner][vc_column_inner width=&#8221;1\/3&#8243;][vc_icon icon_fontawesome=&#8221;fas fa-exclamation-triangle&#8221;][vc_column_text]<\/p>\n<h5><span style=\"color: #2a3a97;\">CONS\u00c9QUENCES<br \/>\nPOTENTIELLES<\/span><\/h5>\n<p>[\/vc_column_text][vc_column_text]Le s\u00e9choir ne s&#8217;arr\u00eatera pas au bon moment en raison de la mauvaise valeur de la teneur en humidit\u00e9. Et cela conduira \u00e0 un lot trop sec.[\/vc_column_text][\/vc_column_inner][vc_column_inner width=&#8221;1\/3&#8243;][vc_icon icon_fontawesome=&#8221;far fa-check-circle&#8221;][vc_column_text]<\/p>\n<h5><span style=\"color: #2a3a97;\">MESURES<br \/>\nCorrectiveS\u00a0<\/span><\/h5>\n<p>[\/vc_column_text][vc_column_text]Nos experts ont averti le client et il a r\u00e9solu le probl\u00e8me de connectivit\u00e9 des plaques.[\/vc_column_text][\/vc_column_inner][\/vc_row_inner]<div class=\"clearboth\"><\/div><style>#thegem-divider-69d4ca3c909f9 {margin-bottom: 50px !important;}<\/style><div id=\"thegem-divider-69d4ca3c909f9\" class=\"gem-divider  \" style=\"\" ><\/div>[vc_separator el_width=&#8221;30&#8243;][\/vc_column][vc_column width=&#8221;1\/3&#8243;]<div class=\"clearboth\"><\/div><style>#thegem-divider-69d4ca3c90a26 {margin-top: 300px !important;}<\/style><div id=\"thegem-divider-69d4ca3c90a26\" class=\"gem-divider  \" style=\"\" ><\/div>[vc_single_image image=&#8221;26201&#8243; img_size=&#8221;800 x 460&#8243; alignment=&#8221;center&#8221; onclick=&#8221;link_image&#8221; css_animation=&#8221;fadeInRightBig&#8221; css=&#8221;.vc_custom_1694538184416{padding-left: 74px !important;}&#8221;][vc_column_text]<\/p>\n<p style=\"text-align: center;\"><a href=\"https:\/\/web.algorex.ca\/wp-content\/uploads\/2023\/09\/KMS360-Kiln-sudden-stop-anomaly-e1694536682464.png\"><span style=\"color: #999999;\"><strong>Agrandir<\/strong><\/span><\/a><\/p>\n<p>[\/vc_column_text][\/vc_column][\/vc_row][vc_section full_width=&#8221;stretch_row_content&#8221; full_height=&#8221;yes&#8221; content_placement=&#8221;top&#8221; css=&#8221;.vc_custom_1693434845054{margin-top: 0px !important;border-top-width: 0px !important;padding-top: 0px !important;}&#8221;][vc_row full_width=&#8221;stretch_row_content&#8221; equal_height=&#8221;yes&#8221;][vc_column width=&#8221;2\/3&#8243; css_animation=&#8221;fadeIn&#8221;][vc_empty_space][vc_column_text css=&#8221;.vc_custom_1694788506927{padding-left: 40px !important;}&#8221;]<\/p>\n<h3><span style=\"color: #333333;\">MAUVAISE \u00c9VACUATION DE L\u2019HUMIDIT\u00c9\u00a0\u00a0<\/span><\/h3>\n<p>[\/vc_column_text][vc_empty_space][vc_row_inner gap=&#8221;20&#8243; css=&#8221;.vc_custom_1693413920320{padding-left: 20px !important;}&#8221;][vc_column_inner width=&#8221;1\/3&#8243;][vc_icon icon_fontawesome=&#8221;fas fa-unlink&#8221;]<div class=\"clearboth\"><\/div><style>#thegem-divider-69d4ca3c90a4e {margin-bottom: 10px !important;}<\/style><div id=\"thegem-divider-69d4ca3c90a4e\" class=\"gem-divider  \" style=\"\" ><\/div>[vc_column_text]<\/p>\n<h5><span style=\"color: #2a3a97;\">Anomalie<\/span><\/h5>\n<p>[\/vc_column_text]<div class=\"clearboth\"><\/div><style>#thegem-divider-69d4ca3c90a73 {margin-bottom: 17px !important;}<\/style><div id=\"thegem-divider-69d4ca3c90a73\" class=\"gem-divider  \" style=\"\" ><\/div>[vc_column_text]La lecture de la temp\u00e9rature de l\u2019un des capteurs de temp\u00e9rature humide donne une valeur anormalement \u00e9lev\u00e9e par rapport aux autres capteurs.[\/vc_column_text][\/vc_column_inner][vc_column_inner width=&#8221;1\/3&#8243;][vc_icon icon_fontawesome=&#8221;fas fa-exclamation-triangle&#8221;][vc_column_text]<\/p>\n<h5><span style=\"color: #2a3a97;\">CONS\u00c9QUENCES<br \/>\nPOTENTIELLES<\/span><\/h5>\n<p>[\/vc_column_text][vc_column_text]La temp\u00e9rature humide est sup\u00e9rieure \u00e0 la consigne, de sorte que les \u00e9vents ont commenc\u00e9 \u00e0 \u00e9vacuer l\u2019humidit\u00e9 pendant que le climat est sec.[\/vc_column_text][\/vc_column_inner][vc_column_inner width=&#8221;1\/3&#8243;][vc_icon icon_fontawesome=&#8221;far fa-check-circle&#8221;][vc_column_text]<\/p>\n<h5><span style=\"color: #2a3a97;\">MESURES<br \/>\nCorrectivES<br \/>\n<\/span><\/h5>\n<p>[\/vc_column_text][vc_column_text]Nos experts ont diagnostiqu\u00e9 l\u2019anomalie et ont sugg\u00e9r\u00e9 au client de changer le coton du capteur de temp\u00e9rature humide, ce qui a ramen\u00e9 les lectures \u00e0 la normale.[\/vc_column_text][\/vc_column_inner][\/vc_row_inner]<div class=\"clearboth\"><\/div><style>#thegem-divider-69d4ca3c90a97 {margin-bottom: 50px !important;}<\/style><div id=\"thegem-divider-69d4ca3c90a97\" class=\"gem-divider  \" style=\"\" ><\/div>[vc_separator el_width=&#8221;30&#8243;][\/vc_column][vc_column width=&#8221;1\/3&#8243;]<div class=\"clearboth\"><\/div><style>#thegem-divider-69d4ca3c90abc {margin-top: 85px !important;}<\/style><div id=\"thegem-divider-69d4ca3c90abc\" class=\"gem-divider  \" style=\"\" ><\/div>[vc_single_image image=&#8221;26202&#8243; img_size=&#8221;800 x 460&#8243; alignment=&#8221;center&#8221; onclick=&#8221;link_image&#8221; css_animation=&#8221;fadeInRightBig&#8221; css=&#8221;.vc_custom_1694538267592{padding-left: 74px !important;}&#8221;][vc_column_text]<\/p>\n<p style=\"text-align: center;\"><a href=\"https:\/\/web.algorex.ca\/wp-content\/uploads\/2023\/09\/KMS360-Humidity-evacuation-anomaly-e1694536636734.png\"><span style=\"color: #999999;\"><strong>Agrandir<\/strong><\/span><\/a><\/p>\n<p>[\/vc_column_text][\/vc_column][\/vc_row][vc_row full_width=&#8221;stretch_row_content&#8221; equal_height=&#8221;yes&#8221;][vc_column width=&#8221;2\/3&#8243; css_animation=&#8221;fadeIn&#8221;][vc_empty_space][vc_column_text css=&#8221;.vc_custom_1694788624288{padding-left: 40px !important;}&#8221;]<\/p>\n<h3><span style=\"color: #333333;\">ARR\u00caT SOUDAIN DU S\u00c9CHOIR\u00a0<\/span><\/h3>\n<p>[\/vc_column_text][vc_empty_space][vc_row_inner gap=&#8221;20&#8243; css=&#8221;.vc_custom_1693413920320{padding-left: 20px !important;}&#8221;][vc_column_inner width=&#8221;1\/3&#8243;][vc_icon icon_fontawesome=&#8221;fas fa-unlink&#8221;]<div class=\"clearboth\"><\/div><style>#thegem-divider-69d4ca3c90ade {margin-bottom: 10px !important;}<\/style><div id=\"thegem-divider-69d4ca3c90ade\" class=\"gem-divider  \" style=\"\" ><\/div>[vc_column_text]<\/p>\n<h5><span style=\"color: #2a3a97;\">Anomalie<\/span><\/h5>\n<p>[\/vc_column_text]<div class=\"clearboth\"><\/div><style>#thegem-divider-69d4ca3c90afe {margin-bottom: 17px !important;}<\/style><div id=\"thegem-divider-69d4ca3c90afe\" class=\"gem-divider  \" style=\"\" ><\/div>[vc_column_text]Une fois le s\u00e9chage commenc\u00e9, la vitesse des ventilateurs et le chauffage sont tomb\u00e9s en arr\u00eat. Cette anomalie s\u2019est produite \u00e0 la fin de la journ\u00e9e de vendredi[\/vc_column_text][\/vc_column_inner][vc_column_inner width=&#8221;1\/3&#8243;][vc_icon icon_fontawesome=&#8221;fas fa-exclamation-triangle&#8221;][vc_column_text]<\/p>\n<h5><span style=\"color: #2a3a97;\">CONS\u00c9QUENCES<br \/>\nPOTENTIELLES<\/span><\/h5>\n<p>[\/vc_column_text][vc_column_text]Le s\u00e9chage est arr\u00eat\u00e9 pendant le week-end sans avertissement. Le client pourrait perdre deux jours de temps de s\u00e9chage.[\/vc_column_text][\/vc_column_inner][vc_column_inner width=&#8221;1\/3&#8243;][vc_icon icon_fontawesome=&#8221;far fa-check-circle&#8221;][vc_column_text]<\/p>\n<h5><span style=\"color: #2a3a97;\">mesures<br \/>\nCorrectives<\/span><\/h5>\n<p>[\/vc_column_text][vc_column_text]Nos experts ont remarqu\u00e9 l\u2019alarme \u00e0 l\u2019aide de notre syst\u00e8me de notification et l\u2019ont signal\u00e9 \u00e0 l\u2019usine. L\u2019op\u00e9rateur est retourn\u00e9 \u00e0 l\u2019usine et a red\u00e9marr\u00e9 le s\u00e9choir[\/vc_column_text][\/vc_column_inner][\/vc_row_inner]<div class=\"clearboth\"><\/div><style>#thegem-divider-69d4ca3c90b1f {margin-bottom: 50px !important;}<\/style><div id=\"thegem-divider-69d4ca3c90b1f\" class=\"gem-divider  \" style=\"\" ><\/div>[\/vc_column][vc_column width=&#8221;1\/3&#8243;]<div class=\"clearboth\"><\/div><style>#thegem-divider-69d4ca3c90b3e {margin-top: 85px !important;}<\/style><div id=\"thegem-divider-69d4ca3c90b3e\" class=\"gem-divider  \" style=\"\" ><\/div>[vc_single_image image=&#8221;26203&#8243; img_size=&#8221;800 x 460&#8243; alignment=&#8221;center&#8221; onclick=&#8221;link_image&#8221; css_animation=&#8221;fadeInRightBig&#8221; css=&#8221;.vc_custom_1694538317815{padding-left: 74px !important;}&#8221;][vc_column_text]<\/p>\n<p style=\"text-align: center;\"><span style=\"color: #999999;\"><a style=\"color: #999999;\" href=\"https:\/\/web.algorex.ca\/wp-content\/uploads\/2023\/09\/KMS360-Kiln-sudden-stop-anomaly-e1694536682464.png\"><strong>Agrandir<\/strong><\/a><\/span><\/p>\n<p>[\/vc_column_text][\/vc_column][\/vc_row][\/vc_section]<\/p>\n<\/div>","protected":false},"excerpt":{"rendered":"<p>[vc_row full_width=&#8221;stretch_row_content&#8221; equal_height=&#8221;yes&#8221; css=&#8221;.vc_custom_1693414630747{padding-bottom: 0px !important;}&#8221;][vc_column width=&#8221;2\/3&#8243; css_animation=&#8221;fadeIn&#8221;][vc_empty_space][vc_column_text css=&#8221;.vc_custom_1694789667512{padding-left: 40px !important;}&#8221;] \u00c9tude de cas: exemple d&#8217;anomalies d\u00e9tect\u00e9es [\/vc_column_text][vc_empty_space][vc_separator][vc_empty_space][vc_column_text css=&#8221;.vc_custom_1700583186375{padding-left: 40px&#8230;<\/p>\n","protected":false},"author":2,"featured_media":26202,"parent":0,"menu_order":0,"comment_status":"closed","ping_status":"closed","template":"","meta":{"footnotes":""},"class_list":["post-26265","page","type-page","status-publish","has-post-thumbnail"],"yoast_head":"<!-- This site is optimized with the Yoast SEO plugin v26.3 - https:\/\/yoast.com\/wordpress\/plugins\/seo\/ -->\r\n<title>Use cases FR -<\/title>\r\n<meta name=\"description\" content=\"D\u00e9couvrez comment Algorex accompagne le s\u00e9chage du bois au four pour optimiser sa qualit\u00e9 et sa durabilit\u00e9\" \/>\r\n<meta name=\"robots\" content=\"index, follow, max-snippet:-1, max-image-preview:large, max-video-preview:-1\" \/>\r\n<link rel=\"canonical\" href=\"https:\/\/web.algorex.ca\/index.php\/etude-de-cas-sechage-du-bois-au-four-algorex\/\" \/>\r\n<meta property=\"og:locale\" content=\"en_US\" \/>\r\n<meta property=\"og:type\" content=\"article\" \/>\r\n<meta property=\"og:title\" content=\"Use cases FR -\" \/>\r\n<meta property=\"og:description\" content=\"D\u00e9couvrez comment Algorex accompagne le s\u00e9chage du bois au four pour optimiser sa qualit\u00e9 et sa durabilit\u00e9\" \/>\r\n<meta property=\"og:url\" content=\"https:\/\/web.algorex.ca\/index.php\/etude-de-cas-sechage-du-bois-au-four-algorex\/\" \/>\r\n<meta property=\"article:modified_time\" content=\"2024-05-09T13:09:29+00:00\" \/>\r\n<meta property=\"og:image\" content=\"https:\/\/web.algorex.ca\/wp-content\/uploads\/2023\/09\/KMS360-Humidity-evacuation-anomaly-e1694536636734.png\" \/>\r\n\t<meta property=\"og:image:width\" content=\"1000\" \/>\r\n\t<meta property=\"og:image:height\" content=\"571\" \/>\r\n\t<meta property=\"og:image:type\" content=\"image\/png\" \/>\r\n<meta name=\"twitter:card\" content=\"summary_large_image\" \/>\r\n<meta name=\"twitter:label1\" content=\"Est. reading time\" \/>\n\t<meta name=\"twitter:data1\" content=\"2 minutes\" \/>\r\n<script type=\"application\/ld+json\" class=\"yoast-schema-graph\">{\"@context\":\"https:\/\/schema.org\",\"@graph\":[{\"@type\":\"WebPage\",\"@id\":\"https:\/\/web.algorex.ca\/index.php\/etude-de-cas-sechage-du-bois-au-four-algorex\/\",\"url\":\"https:\/\/web.algorex.ca\/index.php\/etude-de-cas-sechage-du-bois-au-four-algorex\/\",\"name\":\"Use cases FR -\",\"isPartOf\":{\"@id\":\"https:\/\/web.algorex.ca\/#website\"},\"primaryImageOfPage\":{\"@id\":\"https:\/\/web.algorex.ca\/index.php\/etude-de-cas-sechage-du-bois-au-four-algorex\/#primaryimage\"},\"image\":{\"@id\":\"https:\/\/web.algorex.ca\/index.php\/etude-de-cas-sechage-du-bois-au-four-algorex\/#primaryimage\"},\"thumbnailUrl\":\"https:\/\/web.algorex.ca\/wp-content\/uploads\/2023\/09\/KMS360-Humidity-evacuation-anomaly-e1694536636734.png\",\"datePublished\":\"2023-09-15T14:41:14+00:00\",\"dateModified\":\"2024-05-09T13:09:29+00:00\",\"description\":\"D\u00e9couvrez comment Algorex accompagne le s\u00e9chage du bois au four pour optimiser sa qualit\u00e9 et sa durabilit\u00e9\",\"breadcrumb\":{\"@id\":\"https:\/\/web.algorex.ca\/index.php\/etude-de-cas-sechage-du-bois-au-four-algorex\/#breadcrumb\"},\"inLanguage\":\"en-US\",\"potentialAction\":[{\"@type\":\"ReadAction\",\"target\":[\"https:\/\/web.algorex.ca\/index.php\/etude-de-cas-sechage-du-bois-au-four-algorex\/\"]}]},{\"@type\":\"ImageObject\",\"inLanguage\":\"en-US\",\"@id\":\"https:\/\/web.algorex.ca\/index.php\/etude-de-cas-sechage-du-bois-au-four-algorex\/#primaryimage\",\"url\":\"https:\/\/web.algorex.ca\/wp-content\/uploads\/2023\/09\/KMS360-Humidity-evacuation-anomaly-e1694536636734.png\",\"contentUrl\":\"https:\/\/web.algorex.ca\/wp-content\/uploads\/2023\/09\/KMS360-Humidity-evacuation-anomaly-e1694536636734.png\",\"width\":1000,\"height\":571,\"caption\":\"KMS360 technology graphic showing Humidity evacuation anomaly\"},{\"@type\":\"BreadcrumbList\",\"@id\":\"https:\/\/web.algorex.ca\/index.php\/etude-de-cas-sechage-du-bois-au-four-algorex\/#breadcrumb\",\"itemListElement\":[{\"@type\":\"ListItem\",\"position\":1,\"name\":\"Home\",\"item\":\"https:\/\/web.algorex.ca\/\"},{\"@type\":\"ListItem\",\"position\":2,\"name\":\"Use cases FR\"}]},{\"@type\":\"WebSite\",\"@id\":\"https:\/\/web.algorex.ca\/#website\",\"url\":\"https:\/\/web.algorex.ca\/\",\"name\":\"https:\/\/web.algorex.ca\/\",\"description\":\"Algorex leverages the wood manufacturing process expertise of FPInnovations and the technological expertise of SPN, who have been providing digital solutions to monitor and optimize heavy industrial assets for decades.\",\"publisher\":{\"@id\":\"https:\/\/web.algorex.ca\/#organization\"},\"potentialAction\":[{\"@type\":\"SearchAction\",\"target\":{\"@type\":\"EntryPoint\",\"urlTemplate\":\"https:\/\/web.algorex.ca\/?s={search_term_string}\"},\"query-input\":{\"@type\":\"PropertyValueSpecification\",\"valueRequired\":true,\"valueName\":\"search_term_string\"}}],\"inLanguage\":\"en-US\"},{\"@type\":\"Organization\",\"@id\":\"https:\/\/web.algorex.ca\/#organization\",\"name\":\"Algorex\",\"url\":\"https:\/\/web.algorex.ca\/\",\"logo\":{\"@type\":\"ImageObject\",\"inLanguage\":\"en-US\",\"@id\":\"https:\/\/web.algorex.ca\/#\/schema\/logo\/image\/\",\"url\":\"https:\/\/web.algorex.ca\/wp-content\/uploads\/2023\/02\/Algorex-e1676398140856.png\",\"contentUrl\":\"https:\/\/web.algorex.ca\/wp-content\/uploads\/2023\/02\/Algorex-e1676398140856.png\",\"width\":2416,\"height\":854,\"caption\":\"Algorex\"},\"image\":{\"@id\":\"https:\/\/web.algorex.ca\/#\/schema\/logo\/image\/\"},\"sameAs\":[\"http:\/\/linkedin.com\/company\/algorex\"]}]}<\/script>\r\n<!-- \/ Yoast SEO plugin. -->","yoast_head_json":{"title":"Use cases FR -","description":"D\u00e9couvrez comment Algorex accompagne le s\u00e9chage du bois au four pour optimiser sa qualit\u00e9 et sa durabilit\u00e9","robots":{"index":"index","follow":"follow","max-snippet":"max-snippet:-1","max-image-preview":"max-image-preview:large","max-video-preview":"max-video-preview:-1"},"canonical":"https:\/\/web.algorex.ca\/index.php\/etude-de-cas-sechage-du-bois-au-four-algorex\/","og_locale":"en_US","og_type":"article","og_title":"Use cases FR -","og_description":"D\u00e9couvrez comment Algorex accompagne le s\u00e9chage du bois au four pour optimiser sa qualit\u00e9 et sa durabilit\u00e9","og_url":"https:\/\/web.algorex.ca\/index.php\/etude-de-cas-sechage-du-bois-au-four-algorex\/","article_modified_time":"2024-05-09T13:09:29+00:00","og_image":[{"width":1000,"height":571,"url":"https:\/\/web.algorex.ca\/wp-content\/uploads\/2023\/09\/KMS360-Humidity-evacuation-anomaly-e1694536636734.png","type":"image\/png"}],"twitter_card":"summary_large_image","twitter_misc":{"Est. reading time":"2 minutes"},"schema":{"@context":"https:\/\/schema.org","@graph":[{"@type":"WebPage","@id":"https:\/\/web.algorex.ca\/index.php\/etude-de-cas-sechage-du-bois-au-four-algorex\/","url":"https:\/\/web.algorex.ca\/index.php\/etude-de-cas-sechage-du-bois-au-four-algorex\/","name":"Use cases FR -","isPartOf":{"@id":"https:\/\/web.algorex.ca\/#website"},"primaryImageOfPage":{"@id":"https:\/\/web.algorex.ca\/index.php\/etude-de-cas-sechage-du-bois-au-four-algorex\/#primaryimage"},"image":{"@id":"https:\/\/web.algorex.ca\/index.php\/etude-de-cas-sechage-du-bois-au-four-algorex\/#primaryimage"},"thumbnailUrl":"https:\/\/web.algorex.ca\/wp-content\/uploads\/2023\/09\/KMS360-Humidity-evacuation-anomaly-e1694536636734.png","datePublished":"2023-09-15T14:41:14+00:00","dateModified":"2024-05-09T13:09:29+00:00","description":"D\u00e9couvrez comment Algorex accompagne le s\u00e9chage du bois au four pour optimiser sa qualit\u00e9 et sa durabilit\u00e9","breadcrumb":{"@id":"https:\/\/web.algorex.ca\/index.php\/etude-de-cas-sechage-du-bois-au-four-algorex\/#breadcrumb"},"inLanguage":"en-US","potentialAction":[{"@type":"ReadAction","target":["https:\/\/web.algorex.ca\/index.php\/etude-de-cas-sechage-du-bois-au-four-algorex\/"]}]},{"@type":"ImageObject","inLanguage":"en-US","@id":"https:\/\/web.algorex.ca\/index.php\/etude-de-cas-sechage-du-bois-au-four-algorex\/#primaryimage","url":"https:\/\/web.algorex.ca\/wp-content\/uploads\/2023\/09\/KMS360-Humidity-evacuation-anomaly-e1694536636734.png","contentUrl":"https:\/\/web.algorex.ca\/wp-content\/uploads\/2023\/09\/KMS360-Humidity-evacuation-anomaly-e1694536636734.png","width":1000,"height":571,"caption":"KMS360 technology graphic showing Humidity evacuation anomaly"},{"@type":"BreadcrumbList","@id":"https:\/\/web.algorex.ca\/index.php\/etude-de-cas-sechage-du-bois-au-four-algorex\/#breadcrumb","itemListElement":[{"@type":"ListItem","position":1,"name":"Home","item":"https:\/\/web.algorex.ca\/"},{"@type":"ListItem","position":2,"name":"Use cases FR"}]},{"@type":"WebSite","@id":"https:\/\/web.algorex.ca\/#website","url":"https:\/\/web.algorex.ca\/","name":"https:\/\/web.algorex.ca\/","description":"Algorex leverages the wood manufacturing process expertise of FPInnovations and the technological expertise of SPN, who have been providing digital solutions to monitor and optimize heavy industrial assets for decades.","publisher":{"@id":"https:\/\/web.algorex.ca\/#organization"},"potentialAction":[{"@type":"SearchAction","target":{"@type":"EntryPoint","urlTemplate":"https:\/\/web.algorex.ca\/?s={search_term_string}"},"query-input":{"@type":"PropertyValueSpecification","valueRequired":true,"valueName":"search_term_string"}}],"inLanguage":"en-US"},{"@type":"Organization","@id":"https:\/\/web.algorex.ca\/#organization","name":"Algorex","url":"https:\/\/web.algorex.ca\/","logo":{"@type":"ImageObject","inLanguage":"en-US","@id":"https:\/\/web.algorex.ca\/#\/schema\/logo\/image\/","url":"https:\/\/web.algorex.ca\/wp-content\/uploads\/2023\/02\/Algorex-e1676398140856.png","contentUrl":"https:\/\/web.algorex.ca\/wp-content\/uploads\/2023\/02\/Algorex-e1676398140856.png","width":2416,"height":854,"caption":"Algorex"},"image":{"@id":"https:\/\/web.algorex.ca\/#\/schema\/logo\/image\/"},"sameAs":["http:\/\/linkedin.com\/company\/algorex"]}]}},"_links":{"self":[{"href":"https:\/\/web.algorex.ca\/index.php\/wp-json\/wp\/v2\/pages\/26265","targetHints":{"allow":["GET"]}}],"collection":[{"href":"https:\/\/web.algorex.ca\/index.php\/wp-json\/wp\/v2\/pages"}],"about":[{"href":"https:\/\/web.algorex.ca\/index.php\/wp-json\/wp\/v2\/types\/page"}],"author":[{"embeddable":true,"href":"https:\/\/web.algorex.ca\/index.php\/wp-json\/wp\/v2\/users\/2"}],"replies":[{"embeddable":true,"href":"https:\/\/web.algorex.ca\/index.php\/wp-json\/wp\/v2\/comments?post=26265"}],"version-history":[{"count":6,"href":"https:\/\/web.algorex.ca\/index.php\/wp-json\/wp\/v2\/pages\/26265\/revisions"}],"predecessor-version":[{"id":26360,"href":"https:\/\/web.algorex.ca\/index.php\/wp-json\/wp\/v2\/pages\/26265\/revisions\/26360"}],"wp:featuredmedia":[{"embeddable":true,"href":"https:\/\/web.algorex.ca\/index.php\/wp-json\/wp\/v2\/media\/26202"}],"wp:attachment":[{"href":"https:\/\/web.algorex.ca\/index.php\/wp-json\/wp\/v2\/media?parent=26265"}],"curies":[{"name":"wp","href":"https:\/\/api.w.org\/{rel}","templated":true}]}}