{"id":26244,"date":"2023-09-14T22:45:55","date_gmt":"2023-09-14T22:45:55","guid":{"rendered":"https:\/\/web.algorex.ca\/?page_id=26244"},"modified":"2024-06-10T16:32:31","modified_gmt":"2024-06-10T16:32:31","slug":"evenements-innovation-numerique-industrie-forestiere","status":"publish","type":"page","link":"https:\/\/web.algorex.ca\/index.php\/evenements-innovation-numerique-industrie-forestiere\/","title":{"rendered":"Nouvelles et \u00c9v\u00e9nements"},"content":{"rendered":"<div class=\"wpb-content-wrapper\"><p>[vc_section full_width=&#8221;stretch_row_content&#8221; full_height=&#8221;yes&#8221; content_placement=&#8221;top&#8221; css=&#8221;.vc_custom_1712156915804{padding-top: 0px !important;}&#8221;][vc_row full_width=&#8221;stretch_row_content_no_spaces&#8221; equal_height=&#8221;yes&#8221;][vc_column width=&#8221;2\/3&#8243;]<div class=\"clearboth\"><\/div><style>#thegem-divider-69d287a1e923e {margin-top: 100px !important;}<\/style><div id=\"thegem-divider-69d287a1e923e\" class=\"gem-divider  \" style=\"\" ><\/div>[vc_column_text css=&#8221;.vc_custom_1694731440533{padding-right: 50px !important;padding-left: 75px !important;}&#8221;]<\/p>\n<h2><span class=\"light\"><strong>\u00c9v\u00e9nements et nouvelles<\/strong> en innovation num\u00e9rique dans l&#8217;industrie foresti\u00e8re<\/span><\/h2>\n<p>[\/vc_column_text]<div class=\"clearboth\"><\/div><style>#thegem-divider-69d287a1e9269 {margin-top: 35px !important;}<\/style><div id=\"thegem-divider-69d287a1e9269\" class=\"gem-divider  \" style=\"\" ><\/div>[vc_column_text css=&#8221;.vc_custom_1718037102657{padding-left: 75px !important;}&#8221;]<\/p>\n<h5>JUIN 2024<br \/>\nPAR CANADIAN FOREST INDUSTRIES<\/h5>\n<p>[\/vc_column_text][vc_column_text css=&#8221;.vc_custom_1718037123000{padding-right: 15px !important;padding-left: 75px !important;}&#8221;]<\/p>\n<div class=\"title-h5\"><a href=\"https:\/\/www.woodbusiness.ca\/drying-experts-a-rare-breed\/\">ARTICLE :\u00a0<\/a><\/div>\n<p>[\/vc_column_text][vc_single_image image=&#8221;26365&#8243; img_size=&#8221;large&#8221; alignment=&#8221;center&#8221; style=&#8221;vc_box_shadow&#8221; onclick=&#8221;custom_link&#8221; img_link_target=&#8221;_blank&#8221; link=&#8221;https:\/\/www.woodbusiness.ca\/drying-experts-a-rare-breed\/&#8221;]<div class=\"clearboth\"><\/div><style>#thegem-divider-69d287a1e9280 {margin-top: 100px !important;}<\/style><div id=\"thegem-divider-69d287a1e9280\" class=\"gem-divider  \" style=\"\" ><\/div>[\/vc_column][vc_column width=&#8221;1\/3&#8243; css=&#8221;.vc_custom_1693608032701{background-image: url(https:\/\/web.algorex.ca\/wp-content\/uploads\/2020\/02\/blocks-image-63.jpg?id=905) !important;background-position: center !important;background-repeat: no-repeat !important;background-size: cover !important;}&#8221;]<div class=\"clearboth\"><\/div><style>#thegem-divider-69d287a1e9293 {margin-top: 200px !important;}<\/style><div id=\"thegem-divider-69d287a1e9293\" class=\"gem-divider  \" style=\"\" ><\/div><div class=\"clearboth\"><\/div><style>#thegem-divider-69d287a1e92a3 {margin-top: 175px !important;}<\/style><div id=\"thegem-divider-69d287a1e92a3\" class=\"gem-divider  \" style=\"\" ><\/div>[\/vc_column][\/vc_row][\/vc_section][vc_section full_width=&#8221;stretch_row_content&#8221; css=&#8221;.vc_custom_1692996822666{margin-top: 0px !important;border-top-width: 0px !important;padding-top: 0px !important;}&#8221;][vc_row full_width=&#8221;stretch_row_content_no_spaces&#8221; equal_height=&#8221;yes&#8221;][vc_column background_position_desktop=&#8221;center center&#8221; css=&#8221;.vc_custom_1693427308679{padding-left: 40px !important;background-position: center !important;background-repeat: no-repeat !important;background-size: cover !important;}&#8221;]<div class=\"clearboth\"><\/div><style>#thegem-divider-69d287a1e92b3 {margin-top: 75px !important;}<\/style><div id=\"thegem-divider-69d287a1e92b3\" class=\"gem-divider  \" style=\"\" ><\/div>[vc_column_text css=&#8221;.vc_custom_1712156959969{padding-left: 75px !important;}&#8221;]<\/p>\n<h5>Mars 2024<br \/>\nPAR Op\u00e9rations foresti\u00e8res et de scierie<\/h5>\n<p>[\/vc_column_text][vc_column_text css=&#8221;.vc_custom_1712156994702{padding-right: 15px !important;padding-left: 75px !important;}&#8221;]<\/p>\n<div class=\"title-h5\"><a href=\"https:\/\/mydigitalpublication.com\/publication\/?m=26583&amp;i=816802&amp;p=10&amp;ver=html5\">ARTICLE :\u00a0<\/a><\/div>\n<p>[\/vc_column_text]<div class=\"clearboth\"><\/div><style>#thegem-divider-69d287a1e92c3 {margin-top: 50px !important;}<\/style><div id=\"thegem-divider-69d287a1e92c3\" class=\"gem-divider  \" style=\"\" ><\/div>[vc_single_image image=&#8221;26354&#8243; img_size=&#8221;large&#8221; alignment=&#8221;center&#8221; style=&#8221;vc_box_shadow&#8221; onclick=&#8221;custom_link&#8221; img_link_target=&#8221;_blank&#8221; link=&#8221;https:\/\/mydigitalpublication.com\/publication\/?m=26583&amp;i=816802&amp;p=10&amp;ver=html5&#8243;]<div class=\"clearboth\"><\/div><style>#thegem-divider-69d287a1e92d2 {margin-top: 75px !important;}<\/style><div id=\"thegem-divider-69d287a1e92d2\" class=\"gem-divider  \" style=\"\" ><\/div>[\/vc_column][\/vc_row][\/vc_section][vc_section full_width=&#8221;stretch_row_content&#8221; full_height=&#8221;yes&#8221; content_placement=&#8221;top&#8221; css=&#8221;.vc_custom_1692996853930{padding-top: 0px !important;background-color: #e8e8e8 !important;}&#8221;][vc_row full_width=&#8221;stretch_row_content_no_spaces&#8221; equal_height=&#8221;yes&#8221;][vc_column]<div class=\"clearboth\"><\/div><style>#thegem-divider-69d287a1e92e1 {margin-top: 35px !important;}<\/style><div id=\"thegem-divider-69d287a1e92e1\" class=\"gem-divider  \" style=\"\" ><\/div>[vc_column_text css=&#8221;.vc_custom_1700583110449{padding-left: 75px !important;}&#8221;]<\/p>\n<h5>SEPTEMBRE\/OCTOBRE 2023<br \/>\nPAR Canadian Forest Industries<\/h5>\n<p>[\/vc_column_text][vc_column_text css=&#8221;.vc_custom_1696434778739{padding-right: 15px !important;padding-left: 75px !important;}&#8221;]<\/p>\n<div class=\"title-h5\"><a href=\"https:\/\/mydigitalpublication.com\/publication\/?m=853&amp;i=803331&amp;p=54&amp;ver=html5%5C\">ARTICLE :\u00a0<\/a><\/div>\n<p>[\/vc_column_text][vc_single_image image=&#8221;26293&#8243; img_size=&#8221;large&#8221; alignment=&#8221;center&#8221; style=&#8221;vc_box_shadow&#8221; onclick=&#8221;custom_link&#8221; img_link_target=&#8221;_blank&#8221; link=&#8221;https:\/\/mydigitalpublication.com\/publication\/?m=853&amp;i=803331&amp;p=54&amp;ver=html5%5C&#8221;]<div class=\"clearboth\"><\/div><style>#thegem-divider-69d287a1e92f0 {margin-top: 100px !important;}<\/style><div id=\"thegem-divider-69d287a1e92f0\" class=\"gem-divider  \" style=\"\" ><\/div>[\/vc_column][\/vc_row][\/vc_section][vc_section full_width=&#8221;stretch_row_content&#8221; css=&#8221;.vc_custom_1692996822666{margin-top: 0px !important;border-top-width: 0px !important;padding-top: 0px !important;}&#8221;][vc_row full_width=&#8221;stretch_row_content_no_spaces&#8221; equal_height=&#8221;yes&#8221;][vc_column background_position_desktop=&#8221;center center&#8221; css=&#8221;.vc_custom_1693427308679{padding-left: 40px !important;background-position: center !important;background-repeat: no-repeat !important;background-size: cover !important;}&#8221;]<div class=\"clearboth\"><\/div><style>#thegem-divider-69d287a1e92fe {margin-top: 75px !important;}<\/style><div id=\"thegem-divider-69d287a1e92fe\" class=\"gem-divider  \" style=\"\" ><\/div>[vc_column_text css=&#8221;.vc_custom_1696434567721{padding-left: 75px !important;}&#8221;]<\/p>\n<h5>Lmf Juillet 2023<br \/>\npar Le Monde Forestier<\/h5>\n<p>[\/vc_column_text][vc_column_text css=&#8221;.vc_custom_1696434678867{padding-right: 15px !important;padding-left: 75px !important;}&#8221;]<\/p>\n<div class=\"title-h5\"><a href=\"https:\/\/www.calameo.com\/read\/007412890f6d139bd6cb3\">Article :<\/a><\/div>\n<p>[\/vc_column_text]<div class=\"clearboth\"><\/div><style>#thegem-divider-69d287a1e930b {margin-top: 50px !important;}<\/style><div id=\"thegem-divider-69d287a1e930b\" class=\"gem-divider  \" style=\"\" ><\/div>[vc_single_image image=&#8221;26072&#8243; img_size=&#8221;large&#8221; alignment=&#8221;center&#8221; style=&#8221;vc_box_shadow&#8221; onclick=&#8221;custom_link&#8221; img_link_target=&#8221;_blank&#8221; link=&#8221;https:\/\/www.calameo.com\/read\/007412890f6d139bd6cb3&#8243;]<div class=\"clearboth\"><\/div><style>#thegem-divider-69d287a1e9319 {margin-top: 75px !important;}<\/style><div id=\"thegem-divider-69d287a1e9319\" class=\"gem-divider  \" style=\"\" ><\/div>[\/vc_column][\/vc_row][\/vc_section][vc_section full_width=&#8221;stretch_row_content&#8221; css=&#8221;.vc_custom_1696434536327{margin-top: 0px !important;border-top-width: 0px !important;padding-top: 0px !important;background-color: #e8e8e8 !important;}&#8221;][vc_row full_width=&#8221;stretch_row_content_no_spaces&#8221; equal_height=&#8221;yes&#8221;][vc_column background_position_desktop=&#8221;center center&#8221; css=&#8221;.vc_custom_1693427308679{padding-left: 40px !important;background-position: center !important;background-repeat: no-repeat !important;background-size: cover !important;}&#8221;]<div class=\"clearboth\"><\/div><style>#thegem-divider-69d287a1e9326 {margin-top: 75px !important;}<\/style><div id=\"thegem-divider-69d287a1e9326\" class=\"gem-divider  \" style=\"\" ><\/div>[vc_column_text css=&#8221;.vc_custom_1694115476266{padding-left: 75px !important;}&#8221;]<\/p>\n<h5>Juin 2023<br \/>\npar op\u00e9rations foresti\u00e8res et de scierie<\/h5>\n<p>[\/vc_column_text][vc_column_text css=&#8221;.vc_custom_1694115500667{padding-right: 15px !important;padding-left: 75px !important;}&#8221;]<\/p>\n<div class=\"title-h5\"><a href=\"https:\/\/mydigitalpublication.com\/publication\/?i=793338&amp;p=16&amp;view=issueViewer\">Article :<\/a><\/div>\n<p>[\/vc_column_text]<div class=\"clearboth\"><\/div><style>#thegem-divider-69d287a1e9334 {margin-top: 50px !important;}<\/style><div id=\"thegem-divider-69d287a1e9334\" class=\"gem-divider  \" style=\"\" ><\/div>[vc_single_image image=&#8221;26073&#8243; img_size=&#8221;large&#8221; alignment=&#8221;center&#8221; style=&#8221;vc_box_shadow&#8221; onclick=&#8221;custom_link&#8221; img_link_target=&#8221;_blank&#8221; link=&#8221;https:\/\/mydigitalpublication.com\/publication\/?i=793338&amp;p=16&amp;view=issueViewer&#8221;]<div class=\"clearboth\"><\/div><style>#thegem-divider-69d287a1e9341 {margin-top: 75px !important;}<\/style><div id=\"thegem-divider-69d287a1e9341\" class=\"gem-divider  \" style=\"\" ><\/div>[\/vc_column][\/vc_row][\/vc_section]<\/p>\n<\/div>","protected":false},"excerpt":{"rendered":"<p>[vc_section full_width=&#8221;stretch_row_content&#8221; full_height=&#8221;yes&#8221; content_placement=&#8221;top&#8221; css=&#8221;.vc_custom_1712156915804{padding-top: 0px !important;}&#8221;][vc_row full_width=&#8221;stretch_row_content_no_spaces&#8221; equal_height=&#8221;yes&#8221;][vc_column width=&#8221;2\/3&#8243;][vc_column_text css=&#8221;.vc_custom_1694731440533{padding-right: 50px !important;padding-left: 75px !important;}&#8221;] \u00c9v\u00e9nements et nouvelles en innovation&#8230;<\/p>\n","protected":false},"author":2,"featured_media":118,"parent":0,"menu_order":0,"comment_status":"closed","ping_status":"closed","template":"","meta":{"footnotes":""},"class_list":["post-26244","page","type-page","status-publish","has-post-thumbnail"],"yoast_head":"<!-- This site is optimized with the Yoast SEO plugin v26.3 - https:\/\/yoast.com\/wordpress\/plugins\/seo\/ -->\r\n<title>Nouvelles et \u00c9v\u00e9nements -<\/title>\r\n<meta name=\"description\" content=\"Participez aux derniers \u00e9v\u00e9nements d&#039;innovation num\u00e9rique dans l&#039;industrie foresti\u00e8re. Restez \u00e0 la pointe de l&#039;information avec nos nouvelles d&#039;experts.\" \/>\r\n<meta name=\"robots\" content=\"index, follow, max-snippet:-1, max-image-preview:large, max-video-preview:-1\" \/>\r\n<link rel=\"canonical\" href=\"https:\/\/web.algorex.ca\/index.php\/evenements-innovation-numerique-industrie-forestiere\/\" \/>\r\n<meta property=\"og:locale\" content=\"en_US\" \/>\r\n<meta property=\"og:type\" content=\"article\" \/>\r\n<meta property=\"og:title\" content=\"Nouvelles et \u00c9v\u00e9nements -\" \/>\r\n<meta property=\"og:description\" content=\"Participez aux derniers \u00e9v\u00e9nements d&#039;innovation num\u00e9rique dans l&#039;industrie foresti\u00e8re. Restez \u00e0 la pointe de l&#039;information avec nos nouvelles d&#039;experts.\" \/>\r\n<meta property=\"og:url\" content=\"https:\/\/web.algorex.ca\/index.php\/evenements-innovation-numerique-industrie-forestiere\/\" \/>\r\n<meta property=\"article:modified_time\" content=\"2024-06-10T16:32:31+00:00\" \/>\r\n<meta property=\"og:image\" content=\"https:\/\/web.algorex.ca\/wp-content\/uploads\/2020\/01\/blocks-image-15.jpg\" \/>\r\n\t<meta property=\"og:image:width\" content=\"1320\" \/>\r\n\t<meta property=\"og:image:height\" content=\"1145\" \/>\r\n\t<meta property=\"og:image:type\" content=\"image\/jpeg\" \/>\r\n<meta name=\"twitter:card\" content=\"summary_large_image\" \/>\r\n<meta name=\"twitter:label1\" content=\"Est. reading time\" \/>\n\t<meta name=\"twitter:data1\" content=\"2 minutes\" \/>\r\n<script type=\"application\/ld+json\" class=\"yoast-schema-graph\">{\"@context\":\"https:\/\/schema.org\",\"@graph\":[{\"@type\":\"WebPage\",\"@id\":\"https:\/\/web.algorex.ca\/index.php\/evenements-innovation-numerique-industrie-forestiere\/\",\"url\":\"https:\/\/web.algorex.ca\/index.php\/evenements-innovation-numerique-industrie-forestiere\/\",\"name\":\"Nouvelles et \u00c9v\u00e9nements -\",\"isPartOf\":{\"@id\":\"https:\/\/web.algorex.ca\/#website\"},\"primaryImageOfPage\":{\"@id\":\"https:\/\/web.algorex.ca\/index.php\/evenements-innovation-numerique-industrie-forestiere\/#primaryimage\"},\"image\":{\"@id\":\"https:\/\/web.algorex.ca\/index.php\/evenements-innovation-numerique-industrie-forestiere\/#primaryimage\"},\"thumbnailUrl\":\"https:\/\/web.algorex.ca\/wp-content\/uploads\/2020\/01\/blocks-image-15.jpg\",\"datePublished\":\"2023-09-14T22:45:55+00:00\",\"dateModified\":\"2024-06-10T16:32:31+00:00\",\"description\":\"Participez aux derniers \u00e9v\u00e9nements d'innovation num\u00e9rique dans l'industrie foresti\u00e8re. Restez \u00e0 la pointe de l'information avec nos nouvelles d'experts.\",\"breadcrumb\":{\"@id\":\"https:\/\/web.algorex.ca\/index.php\/evenements-innovation-numerique-industrie-forestiere\/#breadcrumb\"},\"inLanguage\":\"en-US\",\"potentialAction\":[{\"@type\":\"ReadAction\",\"target\":[\"https:\/\/web.algorex.ca\/index.php\/evenements-innovation-numerique-industrie-forestiere\/\"]}]},{\"@type\":\"ImageObject\",\"inLanguage\":\"en-US\",\"@id\":\"https:\/\/web.algorex.ca\/index.php\/evenements-innovation-numerique-industrie-forestiere\/#primaryimage\",\"url\":\"https:\/\/web.algorex.ca\/wp-content\/uploads\/2020\/01\/blocks-image-15.jpg\",\"contentUrl\":\"https:\/\/web.algorex.ca\/wp-content\/uploads\/2020\/01\/blocks-image-15.jpg\",\"width\":1320,\"height\":1145},{\"@type\":\"BreadcrumbList\",\"@id\":\"https:\/\/web.algorex.ca\/index.php\/evenements-innovation-numerique-industrie-forestiere\/#breadcrumb\",\"itemListElement\":[{\"@type\":\"ListItem\",\"position\":1,\"name\":\"Home\",\"item\":\"https:\/\/web.algorex.ca\/\"},{\"@type\":\"ListItem\",\"position\":2,\"name\":\"Nouvelles et \u00c9v\u00e9nements\"}]},{\"@type\":\"WebSite\",\"@id\":\"https:\/\/web.algorex.ca\/#website\",\"url\":\"https:\/\/web.algorex.ca\/\",\"name\":\"https:\/\/web.algorex.ca\/\",\"description\":\"Algorex leverages the wood manufacturing process expertise of FPInnovations and the technological expertise of SPN, who have been providing digital solutions to monitor and optimize heavy industrial assets for decades.\",\"publisher\":{\"@id\":\"https:\/\/web.algorex.ca\/#organization\"},\"potentialAction\":[{\"@type\":\"SearchAction\",\"target\":{\"@type\":\"EntryPoint\",\"urlTemplate\":\"https:\/\/web.algorex.ca\/?s={search_term_string}\"},\"query-input\":{\"@type\":\"PropertyValueSpecification\",\"valueRequired\":true,\"valueName\":\"search_term_string\"}}],\"inLanguage\":\"en-US\"},{\"@type\":\"Organization\",\"@id\":\"https:\/\/web.algorex.ca\/#organization\",\"name\":\"Algorex\",\"url\":\"https:\/\/web.algorex.ca\/\",\"logo\":{\"@type\":\"ImageObject\",\"inLanguage\":\"en-US\",\"@id\":\"https:\/\/web.algorex.ca\/#\/schema\/logo\/image\/\",\"url\":\"https:\/\/web.algorex.ca\/wp-content\/uploads\/2023\/02\/Algorex-e1676398140856.png\",\"contentUrl\":\"https:\/\/web.algorex.ca\/wp-content\/uploads\/2023\/02\/Algorex-e1676398140856.png\",\"width\":2416,\"height\":854,\"caption\":\"Algorex\"},\"image\":{\"@id\":\"https:\/\/web.algorex.ca\/#\/schema\/logo\/image\/\"},\"sameAs\":[\"http:\/\/linkedin.com\/company\/algorex\"]}]}<\/script>\r\n<!-- \/ Yoast SEO plugin. -->","yoast_head_json":{"title":"Nouvelles et \u00c9v\u00e9nements -","description":"Participez aux derniers \u00e9v\u00e9nements d'innovation num\u00e9rique dans l'industrie foresti\u00e8re. Restez \u00e0 la pointe de l'information avec nos nouvelles d'experts.","robots":{"index":"index","follow":"follow","max-snippet":"max-snippet:-1","max-image-preview":"max-image-preview:large","max-video-preview":"max-video-preview:-1"},"canonical":"https:\/\/web.algorex.ca\/index.php\/evenements-innovation-numerique-industrie-forestiere\/","og_locale":"en_US","og_type":"article","og_title":"Nouvelles et \u00c9v\u00e9nements -","og_description":"Participez aux derniers \u00e9v\u00e9nements d'innovation num\u00e9rique dans l'industrie foresti\u00e8re. Restez \u00e0 la pointe de l'information avec nos nouvelles d'experts.","og_url":"https:\/\/web.algorex.ca\/index.php\/evenements-innovation-numerique-industrie-forestiere\/","article_modified_time":"2024-06-10T16:32:31+00:00","og_image":[{"width":1320,"height":1145,"url":"https:\/\/web.algorex.ca\/wp-content\/uploads\/2020\/01\/blocks-image-15.jpg","type":"image\/jpeg"}],"twitter_card":"summary_large_image","twitter_misc":{"Est. reading time":"2 minutes"},"schema":{"@context":"https:\/\/schema.org","@graph":[{"@type":"WebPage","@id":"https:\/\/web.algorex.ca\/index.php\/evenements-innovation-numerique-industrie-forestiere\/","url":"https:\/\/web.algorex.ca\/index.php\/evenements-innovation-numerique-industrie-forestiere\/","name":"Nouvelles et \u00c9v\u00e9nements -","isPartOf":{"@id":"https:\/\/web.algorex.ca\/#website"},"primaryImageOfPage":{"@id":"https:\/\/web.algorex.ca\/index.php\/evenements-innovation-numerique-industrie-forestiere\/#primaryimage"},"image":{"@id":"https:\/\/web.algorex.ca\/index.php\/evenements-innovation-numerique-industrie-forestiere\/#primaryimage"},"thumbnailUrl":"https:\/\/web.algorex.ca\/wp-content\/uploads\/2020\/01\/blocks-image-15.jpg","datePublished":"2023-09-14T22:45:55+00:00","dateModified":"2024-06-10T16:32:31+00:00","description":"Participez aux derniers \u00e9v\u00e9nements d'innovation num\u00e9rique dans l'industrie foresti\u00e8re. Restez \u00e0 la pointe de l'information avec nos nouvelles d'experts.","breadcrumb":{"@id":"https:\/\/web.algorex.ca\/index.php\/evenements-innovation-numerique-industrie-forestiere\/#breadcrumb"},"inLanguage":"en-US","potentialAction":[{"@type":"ReadAction","target":["https:\/\/web.algorex.ca\/index.php\/evenements-innovation-numerique-industrie-forestiere\/"]}]},{"@type":"ImageObject","inLanguage":"en-US","@id":"https:\/\/web.algorex.ca\/index.php\/evenements-innovation-numerique-industrie-forestiere\/#primaryimage","url":"https:\/\/web.algorex.ca\/wp-content\/uploads\/2020\/01\/blocks-image-15.jpg","contentUrl":"https:\/\/web.algorex.ca\/wp-content\/uploads\/2020\/01\/blocks-image-15.jpg","width":1320,"height":1145},{"@type":"BreadcrumbList","@id":"https:\/\/web.algorex.ca\/index.php\/evenements-innovation-numerique-industrie-forestiere\/#breadcrumb","itemListElement":[{"@type":"ListItem","position":1,"name":"Home","item":"https:\/\/web.algorex.ca\/"},{"@type":"ListItem","position":2,"name":"Nouvelles et \u00c9v\u00e9nements"}]},{"@type":"WebSite","@id":"https:\/\/web.algorex.ca\/#website","url":"https:\/\/web.algorex.ca\/","name":"https:\/\/web.algorex.ca\/","description":"Algorex leverages the wood manufacturing process expertise of FPInnovations and the technological expertise of SPN, who have been providing digital solutions to monitor and optimize heavy industrial assets for decades.","publisher":{"@id":"https:\/\/web.algorex.ca\/#organization"},"potentialAction":[{"@type":"SearchAction","target":{"@type":"EntryPoint","urlTemplate":"https:\/\/web.algorex.ca\/?s={search_term_string}"},"query-input":{"@type":"PropertyValueSpecification","valueRequired":true,"valueName":"search_term_string"}}],"inLanguage":"en-US"},{"@type":"Organization","@id":"https:\/\/web.algorex.ca\/#organization","name":"Algorex","url":"https:\/\/web.algorex.ca\/","logo":{"@type":"ImageObject","inLanguage":"en-US","@id":"https:\/\/web.algorex.ca\/#\/schema\/logo\/image\/","url":"https:\/\/web.algorex.ca\/wp-content\/uploads\/2023\/02\/Algorex-e1676398140856.png","contentUrl":"https:\/\/web.algorex.ca\/wp-content\/uploads\/2023\/02\/Algorex-e1676398140856.png","width":2416,"height":854,"caption":"Algorex"},"image":{"@id":"https:\/\/web.algorex.ca\/#\/schema\/logo\/image\/"},"sameAs":["http:\/\/linkedin.com\/company\/algorex"]}]}},"_links":{"self":[{"href":"https:\/\/web.algorex.ca\/index.php\/wp-json\/wp\/v2\/pages\/26244","targetHints":{"allow":["GET"]}}],"collection":[{"href":"https:\/\/web.algorex.ca\/index.php\/wp-json\/wp\/v2\/pages"}],"about":[{"href":"https:\/\/web.algorex.ca\/index.php\/wp-json\/wp\/v2\/types\/page"}],"author":[{"embeddable":true,"href":"https:\/\/web.algorex.ca\/index.php\/wp-json\/wp\/v2\/users\/2"}],"replies":[{"embeddable":true,"href":"https:\/\/web.algorex.ca\/index.php\/wp-json\/wp\/v2\/comments?post=26244"}],"version-history":[{"count":8,"href":"https:\/\/web.algorex.ca\/index.php\/wp-json\/wp\/v2\/pages\/26244\/revisions"}],"predecessor-version":[{"id":26368,"href":"https:\/\/web.algorex.ca\/index.php\/wp-json\/wp\/v2\/pages\/26244\/revisions\/26368"}],"wp:featuredmedia":[{"embeddable":true,"href":"https:\/\/web.algorex.ca\/index.php\/wp-json\/wp\/v2\/media\/118"}],"wp:attachment":[{"href":"https:\/\/web.algorex.ca\/index.php\/wp-json\/wp\/v2\/media?parent=26244"}],"curies":[{"name":"wp","href":"https:\/\/api.w.org\/{rel}","templated":true}]}}