{"id":26237,"date":"2023-09-14T22:25:55","date_gmt":"2023-09-14T22:25:55","guid":{"rendered":"https:\/\/web.algorex.ca\/?page_id=26237"},"modified":"2024-05-09T13:03:02","modified_gmt":"2024-05-09T13:03:02","slug":"a-propos-dalgorex","status":"publish","type":"page","link":"https:\/\/web.algorex.ca\/index.php\/a-propos-dalgorex\/","title":{"rendered":"About us Fr"},"content":{"rendered":"<div class=\"wpb-content-wrapper\"><p>[vc_section full_width=&#8221;stretch_row_content&#8221; content_placement=&#8221;top&#8221; css=&#8221;.vc_custom_1694200566475{padding-bottom: 0px !important;background: #2a3a97 url(https:\/\/web.algorex.ca\/wp-content\/uploads\/2020\/02\/blocks-image-74.jpg?id=944) !important;background-position: center !important;background-repeat: no-repeat !important;background-size: cover !important;}&#8221;][vc_row content_placement=&#8221;middle&#8221; css=&#8221;.vc_custom_1694209911379{padding-top: 0px !important;}&#8221; mobile_padding_left=&#8221;0%&#8221; mobile_padding_right=&#8221;0%&#8221;][vc_column][vc_row_inner content_placement=&#8221;middle&#8221; css=&#8221;.vc_custom_1694210123499{padding-right: 90px !important;padding-left: 90px !important;}&#8221; mobile_padding_left=&#8221;1%&#8221; mobile_padding_right=&#8221;1%&#8221;][vc_column_inner width=&#8221;2\/3&#8243; mobile_padding_left=&#8221;1%&#8221; mobile_padding_right=&#8221;1%&#8221; offset=&#8221;vc_col-xs-4\/5&#8243;]<div class=\"gem-textbox \"  ><div class=\"gem-textbox-inner\" style=\"border-top-left-radius: 10px;border-top-right-radius: 10px;border-bottom-right-radius: 10px;border-bottom-left-radius: 10px;\"><div class=\"gem-textbox-content\" style=\"background-color: rgba(255,255,255,0.61);background-position: center top;\">[vc_column_text]<\/p>\n<h3><span style=\"color: #2a3a97;\">QUI NOUS SOMMES\u00a0<\/span><\/h3>\n<p>[\/vc_column_text][vc_column_text]<span style=\"color: #2a3a97;\"><strong>Algorex a \u00e9t\u00e9 fond\u00e9e par FPInnovations et SPN Consultants et s\u2019appuie sur des ann\u00e9es d\u2019efforts de R et D pour fournir \u00e0 l\u2019industrie des solutions num\u00e9riques robustes et acc\u00e9l\u00e9rer la transformation num\u00e9rique du secteur de la fabrication du bois. Algorex tire parti de l\u2019expertise scientifique en transformation du bois de FPInnovations et de l\u2019expertise technologique de SPN, qui fournit des solutions num\u00e9riques pour surveiller et optimiser les actifs industriels lourds depuis des d\u00e9cennies.<\/strong><\/span><\/p>\n<p><span style=\"color: #2a3a97;\"><strong>Le premier service, appel\u00e9 KMS 360, est ax\u00e9 sur le proc\u00e9d\u00e9 de s\u00e9chage du bois et offre de nombreux avantages pour assurer la qualit\u00e9 du bois ainsi que pour am\u00e9liorer la productivit\u00e9 du s\u00e9choir. Ce service est \u00e9galement un excellent outil pour augmenter la connaissance du proc\u00e9d\u00e9 de s\u00e9chage de vos op\u00e9rateurs (jeune ou exp\u00e9riment\u00e9).<\/strong><\/span>[\/vc_column_text]<\/div><\/div><\/div>[\/vc_column_inner][vc_column_inner width=&#8221;1\/3&#8243; tablet_padding_left=&#8221;0&#8243; tablet_padding_right=&#8221;0&#8243; mobile_padding_left=&#8221;1%&#8221; mobile_padding_right=&#8221;1%&#8221; offset=&#8221;vc_col-xs-4\/5&#8243;]<div class=\"gem-textbox \"  ><div class=\"gem-textbox-inner\" style=\"\"><div class=\"gem-textbox-content\" style=\"background-position: center center;\">[vc_tta_accordion style=&#8221;flat&#8221; color=&#8221;blue&#8221; active_section=&#8221;1&#8243;][vc_tta_section title=&#8221;MISSION&#8221; tab_id=&#8221;1693436898795-ca1a7b36-04ff&#8221;][vc_column_text]Aider nos clients \u00e0 atteindre des performances optimales \u00e0 leurs usines en leur donnant acc\u00e8s aux derni\u00e8res avanc\u00e9es technologiques et d\u2019expertise de proc\u00e9d\u00e9[\/vc_column_text][\/vc_tta_section][vc_tta_section title=&#8221;VISION&#8221; tab_id=&#8221;1693436898804-ff231e38-29e3&#8243;][vc_column_text]\u00c9tre parmi les leaders comme fournisseurs de services technologiques et d\u2019expertise de proc\u00e9d\u00e9s pour l\u2019industrie foresti\u00e8re[\/vc_column_text][\/vc_tta_section][\/vc_tta_accordion]<\/div><\/div><\/div>[\/vc_column_inner][\/vc_row_inner][\/vc_column][\/vc_row][\/vc_section][vc_row full_width=&#8221;stretch_row_content_no_spaces&#8221; equal_height=&#8221;yes&#8221; content_placement=&#8221;top&#8221; css=&#8221;.vc_custom_1693596703722{padding-top: 0px !important;padding-bottom: 0px !important;}&#8221;][vc_column width=&#8221;1\/2&#8243; css=&#8221;.vc_custom_1694201324842{margin-bottom: 0px !important;border-bottom-width: 0px !important;padding-bottom: 0px !important;background-image: url(https:\/\/web.algorex.ca\/wp-content\/uploads\/2019\/03\/4.jpg?id=24956) !important;background-position: center !important;background-repeat: no-repeat !important;background-size: cover !important;}&#8221;]<div class=\"clearboth\"><\/div><style>#thegem-divider-69ef7ce922d2e {margin-top: 150px !important;}<\/style><div id=\"thegem-divider-69ef7ce922d2e\" class=\"gem-divider  \" style=\"\" ><\/div>[vc_icon icon_fontawesome=&#8221;fas fa-users&#8221; color=&#8221;white&#8221; size=&#8221;lg&#8221; align=&#8221;center&#8221; link=&#8221;url:https%3A%2F%2Fweb.algorex.ca%2Findex.php%2Flequipe-algorex%2F|title:Meet%20the%20team%20Fr&#8221;][vc_column_text]<\/p>\n<h3 style=\"text-align: center;\"><span style=\"color: #ffffff;\"><a style=\"color: #ffffff;\" href=\"https:\/\/web.algorex.ca\/index.php\/lequipe-algorex\/\">L&#8217;\u00c9QUIPE<\/a><\/span><\/h3>\n<p>[\/vc_column_text]<div class=\"clearboth\"><\/div><style>#thegem-divider-69ef7ce922d53 {margin-top: 35px !important;}<\/style><div id=\"thegem-divider-69ef7ce922d53\" class=\"gem-divider  \" style=\"\" ><\/div>[\/vc_column][vc_column width=&#8221;1\/2&#8243; css=&#8221;.vc_custom_1694201129076{padding-bottom: 0px !important;}&#8221;]<div class=\"clearboth\"><\/div><style>#thegem-divider-69ef7ce922d66 {margin-top: 110px !important;}<\/style><div id=\"thegem-divider-69ef7ce922d66\" class=\"gem-divider  \" style=\"\" ><\/div>[vc_column_text css=&#8221;.vc_custom_1694730153370{padding-left: 75px !important;}&#8221;]<\/p>\n<h2>A propos<\/h2>\n<p>[\/vc_column_text][vc_column_text css=&#8221;.vc_custom_1694730196461{padding-right: 15px !important;padding-left: 75px !important;}&#8221;]<strong>Notre \u00e9quipe, compos\u00e9e d\u2019experts du secteur forestier et des technologies d\u2019acquisition et de surveillance de donn\u00e9es, vous garantira :<\/strong><\/p>\n<ul>\n<li><strong>Maintien de la qualit\u00e9 de vos proc\u00e9d\u00e9s et produits<\/strong><\/li>\n<li><strong>Am\u00e9lioration de la production de vos op\u00e9rations<\/strong><\/li>\n<li><strong>Soutien technique connect\u00e9<\/strong><\/li>\n<\/ul>\n<p>[\/vc_column_text]<div class=\"clearboth\"><\/div><style>#thegem-divider-69ef7ce922d76 {margin-top: 90px !important;}<\/style><div id=\"thegem-divider-69ef7ce922d76\" class=\"gem-divider  \" style=\"\" ><\/div>[\/vc_column][\/vc_row][vc_row full_width=&#8221;stretch_row_content_no_spaces&#8221; equal_height=&#8221;yes&#8221; css=&#8221;.vc_custom_1694200927167{padding-top: 0px !important;background-color: #2a3a97 !important;}&#8221;][vc_column][vc_row_inner][vc_column_inner width=&#8221;1\/6&#8243;][\/vc_column_inner][vc_column_inner width=&#8221;2\/3&#8243;]<div class=\"clearboth\"><\/div><style>#thegem-divider-69ef7ce922d84 {margin-top: 90px !important;}<\/style><div id=\"thegem-divider-69ef7ce922d84\" class=\"gem-divider  \" style=\"\" ><\/div>[vc_column_text]<\/p>\n<h3 style=\"text-align: center;\"><span style=\"color: #ffffff;\">Contactez-nous<\/span><\/h3>\n<p>[\/vc_column_text][vc_column_text]<\/p>\n<p style=\"text-align: center;\"><span style=\"color: #ffffff;\">Pour plus d\u2019informations sur nous, l\u2019un de nos projets ou notre site Web, veuillez nous contacter :<\/span><\/p>\n<p>[\/vc_column_text]<style type=\"text\/css\">.thegem-button-69ef7ce922eff933 .gem-button svg {fill: #2a3a97;}.thegem-button-69ef7ce922eff933 .gem-button:hover svg {fill: #ffffff;}<\/style><div class=\"gem-button-container gem-button-position-center thegem-button-69ef7ce922eff933    \"  ><a class=\"gem-button gem-button-size-large gem-button-style-flat gem-button-text-weight-normal gem-button-icon-position-left\" data-ll-effect=\"drop-right-without-wrap\" style=\"border-radius: 5px;background-color: #ffffff;color: #2a3a97;\" onmouseleave=\"this.style.backgroundColor='#ffffff';this.style.color='#2a3a97';\" onmouseenter=\"this.style.backgroundColor='#2a3a97';this.style.color='#ffffff';\" href=\"mailto:algorex@fpinnovations.ca\" target=\"_self\"><i class=\"gem-print-icon gem-icon-pack-material \">&#xf2af;<\/i>Algorex<\/a><\/div> [\/vc_column_inner][vc_column_inner width=&#8221;1\/6&#8243;][\/vc_column_inner][\/vc_row_inner][\/vc_column][\/vc_row]<\/p>\n<\/div>","protected":false},"excerpt":{"rendered":"<p>[vc_section full_width=&#8221;stretch_row_content&#8221; content_placement=&#8221;top&#8221; css=&#8221;.vc_custom_1694200566475{padding-bottom: 0px !important;background: #2a3a97 url(https:\/\/web.algorex.ca\/wp-content\/uploads\/2020\/02\/blocks-image-74.jpg?id=944) !important;background-position: center !important;background-repeat: no-repeat !important;background-size: cover !important;}&#8221;][vc_row content_placement=&#8221;middle&#8221; css=&#8221;.vc_custom_1694209911379{padding-top: 0px !important;}&#8221; mobile_padding_left=&#8221;0%&#8221;&#8230;<\/p>\n","protected":false},"author":2,"featured_media":25609,"parent":0,"menu_order":0,"comment_status":"closed","ping_status":"closed","template":"","meta":{"footnotes":""},"class_list":["post-26237","page","type-page","status-publish","has-post-thumbnail"],"yoast_head":"<!-- This site is optimized with the Yoast SEO plugin v26.3 - https:\/\/yoast.com\/wordpress\/plugins\/seo\/ -->\r\n<title>About us Fr -<\/title>\r\n<meta name=\"description\" content=\"D\u00e9couvrez comment Algorex peut optimiser votre strat\u00e9gie foresti\u00e8re avec des solutions innovantes et performantes. Boostez votre entreprise d\u00e8s maintenant!\" \/>\r\n<meta name=\"robots\" content=\"index, follow, max-snippet:-1, max-image-preview:large, max-video-preview:-1\" \/>\r\n<link rel=\"canonical\" href=\"https:\/\/web.algorex.ca\/index.php\/a-propos-dalgorex\/\" \/>\r\n<meta property=\"og:locale\" content=\"en_US\" \/>\r\n<meta property=\"og:type\" content=\"article\" \/>\r\n<meta property=\"og:title\" content=\"About us Fr -\" \/>\r\n<meta property=\"og:description\" content=\"D\u00e9couvrez comment Algorex peut optimiser votre strat\u00e9gie foresti\u00e8re avec des solutions innovantes et performantes. Boostez votre entreprise d\u00e8s maintenant!\" \/>\r\n<meta property=\"og:url\" content=\"https:\/\/web.algorex.ca\/index.php\/a-propos-dalgorex\/\" \/>\r\n<meta property=\"article:modified_time\" content=\"2024-05-09T13:03:02+00:00\" \/>\r\n<meta property=\"og:image\" content=\"https:\/\/web.algorex.ca\/wp-content\/uploads\/2023\/02\/cropped-A-e1675791169466.png\" \/>\r\n\t<meta property=\"og:image:width\" content=\"512\" \/>\r\n\t<meta property=\"og:image:height\" content=\"512\" \/>\r\n\t<meta property=\"og:image:type\" content=\"image\/png\" \/>\r\n<meta name=\"twitter:card\" content=\"summary_large_image\" \/>\r\n<meta name=\"twitter:label1\" content=\"Est. reading time\" \/>\n\t<meta name=\"twitter:data1\" content=\"2 minutes\" \/>\r\n<script type=\"application\/ld+json\" class=\"yoast-schema-graph\">{\"@context\":\"https:\/\/schema.org\",\"@graph\":[{\"@type\":\"WebPage\",\"@id\":\"https:\/\/web.algorex.ca\/index.php\/a-propos-dalgorex\/\",\"url\":\"https:\/\/web.algorex.ca\/index.php\/a-propos-dalgorex\/\",\"name\":\"About us Fr -\",\"isPartOf\":{\"@id\":\"https:\/\/web.algorex.ca\/#website\"},\"primaryImageOfPage\":{\"@id\":\"https:\/\/web.algorex.ca\/index.php\/a-propos-dalgorex\/#primaryimage\"},\"image\":{\"@id\":\"https:\/\/web.algorex.ca\/index.php\/a-propos-dalgorex\/#primaryimage\"},\"thumbnailUrl\":\"https:\/\/web.algorex.ca\/wp-content\/uploads\/2023\/02\/cropped-A-e1675791169466.png\",\"datePublished\":\"2023-09-14T22:25:55+00:00\",\"dateModified\":\"2024-05-09T13:03:02+00:00\",\"description\":\"D\u00e9couvrez comment Algorex peut optimiser votre strat\u00e9gie foresti\u00e8re avec des solutions innovantes et performantes. Boostez votre entreprise d\u00e8s maintenant!\",\"breadcrumb\":{\"@id\":\"https:\/\/web.algorex.ca\/index.php\/a-propos-dalgorex\/#breadcrumb\"},\"inLanguage\":\"en-US\",\"potentialAction\":[{\"@type\":\"ReadAction\",\"target\":[\"https:\/\/web.algorex.ca\/index.php\/a-propos-dalgorex\/\"]}]},{\"@type\":\"ImageObject\",\"inLanguage\":\"en-US\",\"@id\":\"https:\/\/web.algorex.ca\/index.php\/a-propos-dalgorex\/#primaryimage\",\"url\":\"https:\/\/web.algorex.ca\/wp-content\/uploads\/2023\/02\/cropped-A-e1675791169466.png\",\"contentUrl\":\"https:\/\/web.algorex.ca\/wp-content\/uploads\/2023\/02\/cropped-A-e1675791169466.png\",\"width\":512,\"height\":512},{\"@type\":\"BreadcrumbList\",\"@id\":\"https:\/\/web.algorex.ca\/index.php\/a-propos-dalgorex\/#breadcrumb\",\"itemListElement\":[{\"@type\":\"ListItem\",\"position\":1,\"name\":\"Home\",\"item\":\"https:\/\/web.algorex.ca\/\"},{\"@type\":\"ListItem\",\"position\":2,\"name\":\"About us Fr\"}]},{\"@type\":\"WebSite\",\"@id\":\"https:\/\/web.algorex.ca\/#website\",\"url\":\"https:\/\/web.algorex.ca\/\",\"name\":\"https:\/\/web.algorex.ca\/\",\"description\":\"Algorex leverages the wood manufacturing process expertise of FPInnovations and the technological expertise of SPN, who have been providing digital solutions to monitor and optimize heavy industrial assets for decades.\",\"publisher\":{\"@id\":\"https:\/\/web.algorex.ca\/#organization\"},\"potentialAction\":[{\"@type\":\"SearchAction\",\"target\":{\"@type\":\"EntryPoint\",\"urlTemplate\":\"https:\/\/web.algorex.ca\/?s={search_term_string}\"},\"query-input\":{\"@type\":\"PropertyValueSpecification\",\"valueRequired\":true,\"valueName\":\"search_term_string\"}}],\"inLanguage\":\"en-US\"},{\"@type\":\"Organization\",\"@id\":\"https:\/\/web.algorex.ca\/#organization\",\"name\":\"Algorex\",\"url\":\"https:\/\/web.algorex.ca\/\",\"logo\":{\"@type\":\"ImageObject\",\"inLanguage\":\"en-US\",\"@id\":\"https:\/\/web.algorex.ca\/#\/schema\/logo\/image\/\",\"url\":\"https:\/\/web.algorex.ca\/wp-content\/uploads\/2023\/02\/Algorex-e1676398140856.png\",\"contentUrl\":\"https:\/\/web.algorex.ca\/wp-content\/uploads\/2023\/02\/Algorex-e1676398140856.png\",\"width\":2416,\"height\":854,\"caption\":\"Algorex\"},\"image\":{\"@id\":\"https:\/\/web.algorex.ca\/#\/schema\/logo\/image\/\"},\"sameAs\":[\"http:\/\/linkedin.com\/company\/algorex\"]}]}<\/script>\r\n<!-- \/ Yoast SEO plugin. -->","yoast_head_json":{"title":"About us Fr -","description":"D\u00e9couvrez comment Algorex peut optimiser votre strat\u00e9gie foresti\u00e8re avec des solutions innovantes et performantes. Boostez votre entreprise d\u00e8s maintenant!","robots":{"index":"index","follow":"follow","max-snippet":"max-snippet:-1","max-image-preview":"max-image-preview:large","max-video-preview":"max-video-preview:-1"},"canonical":"https:\/\/web.algorex.ca\/index.php\/a-propos-dalgorex\/","og_locale":"en_US","og_type":"article","og_title":"About us Fr -","og_description":"D\u00e9couvrez comment Algorex peut optimiser votre strat\u00e9gie foresti\u00e8re avec des solutions innovantes et performantes. Boostez votre entreprise d\u00e8s maintenant!","og_url":"https:\/\/web.algorex.ca\/index.php\/a-propos-dalgorex\/","article_modified_time":"2024-05-09T13:03:02+00:00","og_image":[{"width":512,"height":512,"url":"https:\/\/web.algorex.ca\/wp-content\/uploads\/2023\/02\/cropped-A-e1675791169466.png","type":"image\/png"}],"twitter_card":"summary_large_image","twitter_misc":{"Est. reading time":"2 minutes"},"schema":{"@context":"https:\/\/schema.org","@graph":[{"@type":"WebPage","@id":"https:\/\/web.algorex.ca\/index.php\/a-propos-dalgorex\/","url":"https:\/\/web.algorex.ca\/index.php\/a-propos-dalgorex\/","name":"About us Fr -","isPartOf":{"@id":"https:\/\/web.algorex.ca\/#website"},"primaryImageOfPage":{"@id":"https:\/\/web.algorex.ca\/index.php\/a-propos-dalgorex\/#primaryimage"},"image":{"@id":"https:\/\/web.algorex.ca\/index.php\/a-propos-dalgorex\/#primaryimage"},"thumbnailUrl":"https:\/\/web.algorex.ca\/wp-content\/uploads\/2023\/02\/cropped-A-e1675791169466.png","datePublished":"2023-09-14T22:25:55+00:00","dateModified":"2024-05-09T13:03:02+00:00","description":"D\u00e9couvrez comment Algorex peut optimiser votre strat\u00e9gie foresti\u00e8re avec des solutions innovantes et performantes. Boostez votre entreprise d\u00e8s maintenant!","breadcrumb":{"@id":"https:\/\/web.algorex.ca\/index.php\/a-propos-dalgorex\/#breadcrumb"},"inLanguage":"en-US","potentialAction":[{"@type":"ReadAction","target":["https:\/\/web.algorex.ca\/index.php\/a-propos-dalgorex\/"]}]},{"@type":"ImageObject","inLanguage":"en-US","@id":"https:\/\/web.algorex.ca\/index.php\/a-propos-dalgorex\/#primaryimage","url":"https:\/\/web.algorex.ca\/wp-content\/uploads\/2023\/02\/cropped-A-e1675791169466.png","contentUrl":"https:\/\/web.algorex.ca\/wp-content\/uploads\/2023\/02\/cropped-A-e1675791169466.png","width":512,"height":512},{"@type":"BreadcrumbList","@id":"https:\/\/web.algorex.ca\/index.php\/a-propos-dalgorex\/#breadcrumb","itemListElement":[{"@type":"ListItem","position":1,"name":"Home","item":"https:\/\/web.algorex.ca\/"},{"@type":"ListItem","position":2,"name":"About us Fr"}]},{"@type":"WebSite","@id":"https:\/\/web.algorex.ca\/#website","url":"https:\/\/web.algorex.ca\/","name":"https:\/\/web.algorex.ca\/","description":"Algorex leverages the wood manufacturing process expertise of FPInnovations and the technological expertise of SPN, who have been providing digital solutions to monitor and optimize heavy industrial assets for decades.","publisher":{"@id":"https:\/\/web.algorex.ca\/#organization"},"potentialAction":[{"@type":"SearchAction","target":{"@type":"EntryPoint","urlTemplate":"https:\/\/web.algorex.ca\/?s={search_term_string}"},"query-input":{"@type":"PropertyValueSpecification","valueRequired":true,"valueName":"search_term_string"}}],"inLanguage":"en-US"},{"@type":"Organization","@id":"https:\/\/web.algorex.ca\/#organization","name":"Algorex","url":"https:\/\/web.algorex.ca\/","logo":{"@type":"ImageObject","inLanguage":"en-US","@id":"https:\/\/web.algorex.ca\/#\/schema\/logo\/image\/","url":"https:\/\/web.algorex.ca\/wp-content\/uploads\/2023\/02\/Algorex-e1676398140856.png","contentUrl":"https:\/\/web.algorex.ca\/wp-content\/uploads\/2023\/02\/Algorex-e1676398140856.png","width":2416,"height":854,"caption":"Algorex"},"image":{"@id":"https:\/\/web.algorex.ca\/#\/schema\/logo\/image\/"},"sameAs":["http:\/\/linkedin.com\/company\/algorex"]}]}},"_links":{"self":[{"href":"https:\/\/web.algorex.ca\/index.php\/wp-json\/wp\/v2\/pages\/26237","targetHints":{"allow":["GET"]}}],"collection":[{"href":"https:\/\/web.algorex.ca\/index.php\/wp-json\/wp\/v2\/pages"}],"about":[{"href":"https:\/\/web.algorex.ca\/index.php\/wp-json\/wp\/v2\/types\/page"}],"author":[{"embeddable":true,"href":"https:\/\/web.algorex.ca\/index.php\/wp-json\/wp\/v2\/users\/2"}],"replies":[{"embeddable":true,"href":"https:\/\/web.algorex.ca\/index.php\/wp-json\/wp\/v2\/comments?post=26237"}],"version-history":[{"count":6,"href":"https:\/\/web.algorex.ca\/index.php\/wp-json\/wp\/v2\/pages\/26237\/revisions"}],"predecessor-version":[{"id":26359,"href":"https:\/\/web.algorex.ca\/index.php\/wp-json\/wp\/v2\/pages\/26237\/revisions\/26359"}],"wp:featuredmedia":[{"embeddable":true,"href":"https:\/\/web.algorex.ca\/index.php\/wp-json\/wp\/v2\/media\/25609"}],"wp:attachment":[{"href":"https:\/\/web.algorex.ca\/index.php\/wp-json\/wp\/v2\/media?parent=26237"}],"curies":[{"name":"wp","href":"https:\/\/api.w.org\/{rel}","templated":true}]}}